2 + 3*n + 5. Let z(q) = 2*g(q) - 5*h(q). Determine z(-4).
-9
Let p(z) be the first derivative of z**4/4 + 10*z**3/3 + 8*z**2 + 2*z + 76. Give p(-8).
2
Let g(u) = 2*u**3 - u - 4*u**2 + 1 - u - u**3. Let v = -343 + 347. Determine g(v).
-7
Suppose -r + 0*g = -4*g - 1, 4*g = 2*r - 6. Suppose -3*o - 30 = -r*p - 2*o, 0 = 2*o. Let x(a) = -p*a - 3*a**2 + 3 + 4*a**2 - 13. What is x(7)?
-3
Let r(a) = -2*a + 8. Let m = 1325 - 1325. Give r(m).
8
Let j = 715 - 723. Let b(l) = 2*l - 5. Give b(j).
-21
Let y(q) = q**3 + 5*q**2 + 5*q - 3. Let p be y(-2). Let s(j) = 7*j. Give s(p).
-7
Let j(i) = -1. Let a(b) = -2*b - 9. Let p(v) = -a(v) + 6*j(v). Calculate p(-7).
-11
Let r(x) = -7*x - 1. Let s(f) = -8*f - 2. Let h(m) = -6*r(m) + 5*s(m). What is h(3)?
2
Let a(l) = -l**3 - 9*l**2 - 18*l - 5. Let y(d) = 6*d - 108. Let n be y(17). Give a(n).
-5
Let j(d) = 7*d**2 - 2*d - 1. Suppose 6 = -4*i + 7*i. Give j(i).
23
Let a = -499 - -493. Let c(x) = -x**3 - 5*x**2 + 4*x - 1. Calculate c(a).
11
Let q(x) be the third derivative of x**4/6 + 2*x**3/3 + 8*x**2 + 3. Determine q(1).
8
Suppose 4*d - 3*j - 1 + 0 = 0, -2*d - j = -13. Let z(i) = 5*i**2 + 4*i - 2. Let k(y) = 4*y**2 + 4*y - 1. Let b(a) = 6*k(a) - 5*z(a). Determine b(d).
4
Let d(i) = 2*i - 5. Let t(b) = b**3 - 9*b**2 - 10*b + 7. Let a = -8 + 18. Let p be t(a). Determine d(p).
9
Let k(f) = -6*f + 7. Let v be 0/(-2 - -1) + 30/10. What is k(v)?
-11
Let g = -36 - -29. Let z(k) = -3*k**3 - 6*k**2 + 7*k - 3. Let f(a) = -a**3. Let t(o) = 2*f(o) - z(o). Give t(g).
3
Suppose 635 = -3*p + 8*p. Let m = -130 + p. Let k(f) = -2*f - 2. Calculate k(m).
4
Let h be (0 + 1)/(-2 - -1). Let s be 2/4 - (-45)/30. Let c(x) = -1 - 10*x**2 - 8*x**3 + 20*x**s - x - 10*x**2. Determine c(h).
8
Let s(o) = -o**3 - 5*o**2 - 5*o - 3. Suppose 0 = 2*g - 6, -4*k + 17*g - 13 = 18*g. Give s(k).
1
Let w(n) = -n**3 - 3*n**2 + 4*n + 1. Suppose -8*x + 115 = 35. Suppose -x*m + 2*m = 32. Determine w(m).
1
Let g(j) = j + 8. Let f be g(-4). Suppose -2*r + f*l = 2*r, -2*l - 9 = r. Let w(v) = v**3 + 2*v**2 - 3*v - 1. Give w(r).
-1
Let l(g) = -2*g**2 + 9. Let w(z) = -3*z**2 + 9. Let y(q) = -4*l(q) + 3*w(q). Let k(d) be the first derivative of y(d). Give k(3).
-6
Let l(p) = p**2 + 6*p - 4. Let q be l(-7). Suppose 7 = q*r + 13. Let o(z) = -4*z - 3. Calculate o(r).
5
Suppose -158*o + 165*o - 28 = 0. Let h(a) = 2*a**2 - 4*a - 3. What is h(o)?
13
Let q(u) = 6*u - 1. Let f be q(1). Let r be 1 - 5/7 - 36/126. Let x(y) = -3 + 3*y**2 + 7*y + r + 6 + y**3 + f*y**2. Give x(-7).
3
Let r(z) = z**3 - 2*z**2 - z + 2. Suppose 3*g - 13 + 4 = h, g + 5 = -h. Let b(f) = f**3 + 6*f**2 + f + 9. Let j be b(h). Give r(j).
8
Let f be 3/(-2) + 11/((-22)/3). Let v(g) = 3*g**3 - 10*g**2 - 9*g + 3. Let s(q) = 5*q**3 - 15*q**2 - 14*q + 4. Let i(h) = 5*s(h) - 8*v(h). Calculate i(f).
8
Let s(t) = t**3 - 3*t**2 + 3*t - 2. Let y(k) = k**2 + 10*k + 12. Let c be y(-8). Let r be -1 - 0 - c/8*6. Calculate s(r).
0
Let h(q) = 8*q + 43. Let m be 5/(-1 + 0/(-7)). Determine h(m).
3
Suppose 4 = -2*g + 10. Suppose -3*i = -g*q - 15, -q - 7 = -2. Let w(y) be the second derivative of y**3/6 - 9*y**2/2 - 15*y. What is w(i)?
-9
Let t(k) be the second derivative of -k**4/12 + 4*k**3/3 + 5*k**2/2 + 89*k - 2. Give t(11).
-28
Let q(g) = 17*g - 24. Let t(h) = -20*h + 24. Let p(k) = -6*q(k) - 5*t(k). What is p(10)?
4
Let w = 164 - 156. Let t(v) = v - 3. What is t(w)?
5
Let u(s) = s**2 + 7*s + 4. Suppose 4*q + 40 = 516. Suppose 84 = 5*j + q. What is u(j)?
4
Let r(x) = -x**3 - 3*x**2 + 1. Let u be r(-3). Let v(z) = z**2 - 4. Let h be v(3). Let i(n) = -5*n**2 + 1 - h*n + 7*n - 4*n. Calculate i(u).
-6
Let u = -130 + 130. Let p(b) = b**3 - b - 2. Calculate p(u).
-2
Let f(d) = -d - 2. Let x(o) = -o**3 + 3*o**2 + 11*o - 17. Let k be x(4). Suppose -6*y + y + 35 = 0. Let t = k - y. Calculate f(t).
-6
Let g(l) be the second derivative of -l**5/20 - 5*l**4/12 - l**3/6 + l**2/2 - 60*l + 2. What is g(-4)?
-11
Suppose 0 = 27*k - 29*k - 4*u, -4*k + 5*u = -39. Let w(n) = -n - 3. Let x(g) = 3*g + 8. Let j(c) = -8*w(c) - 3*x(c). Calculate j(k).
-6
Let c(w) = 3*w - 3 - w + 6 - w**3 - 6*w**2 + w**2. Let x be (-5)/(-3 - 1 - -3). Suppose y + 10 = -x*n - 4*y, 0 = 2*y - 6. Determine c(n).
-7
Suppose 5*g + 26*g + 248 = 0. Let v(n) be the first derivative of -16*n - 2 - 1/2*n**2. Calculate v(g).
-8
Let f = -33/17 + 116/51. Let s(o) be the second derivative of 0 - 2*o - f*o**3 - 1/2*o**2. Give s(-4).
7
Let l(n) = -n**3 - 10*n**2 - 18*n - 6. Let a = -1632 + 1624. What is l(a)?
10
Suppose 5*m - 2*m = -3. Let d be (4 - 1/(-1))*m. Let i(b) = 1 + 0*b**3 + b + b**3 + 5*b - 306*b**2 + 312*b**2. What is i(d)?
-4
Let p(q) = -q**3 + 4*q**2 - q - 1. Let g = -2 - -3. Let t = g + 6. Suppose t*y - 5*y - 8 = 0. Give p(y).
-5
Let i = -45 - -44. Let x(l) = -l**2 + 1. What is x(i)?
0
Let s(r) = 13*r**2 + 5. Let c(v) = -11*v**2 - v - 4. Let l(w) = -6*c(w) - 5*s(w). Determine l(-6).
-1
Let i(j) be the second derivative of -j**7/840 + j**6/90 - j**5/40 + 29*j**3/6 - 41*j. Let c(y) be the second derivative of i(y). What is c(3)?
0
Let k(d) be the second derivative of d**3/6 - 3*d**2 - 4*d. Let c be k(8). Let x(z) = -2*z + 2. Let y(i) = 3*i - 5. Let p(o) = -4*x(o) - y(o). What is p(c)?
7
Suppose 0 = y - 5*p + 13, -4*y - 9*p + 8*p + 11 = 0. Let z(d) be the first derivative of 2*d + 6 + 1/2*d**y. What is z(-2)?
0
Let j(c) = c**3 + 6*c**2 - c + 3. Let y = 12 + -10. Suppose -o - y*o = 0, 0 = -3*i - o. Suppose 0 = -2*f + b - 17, 4*b - 22 + 2 = i. What is j(f)?
9
Let g = 5 + -6. Let n(k) be the second derivative of 1/4*k**4 + 4*k + 0*k**2 + 0 - 1/6*k**3. Determine n(g).
4
Let t(x) = x**2 - 7*x + 6. Suppose 3*j = n + 8, 16 = -0*n + n + 3*j. Suppose -3*k + 14 + n = 0. Suppose 2*b - k = b. What is t(b)?
0
Suppose 2*u - 13 = 1. Let n be (-3)/u + (-268)/28 + 3. Let h(m) = -2*m. What is h(n)?
14
Let j(r) = r**2 + 0*r - 2*r**2 + r - 3*r - 3. What is j(-3)?
-6
Let z(f) = -13*f**2 - 7*f - 2. Let r(a) = -6*a**2 - 3*a - 1. Let q(i) = -7*r(i) + 3*z(i). Suppose p - 2*p + u = 3, 5*p + 2*u = -1. What is q(p)?
4
Let i be (-15 - -15)*(-1)/2. Let m(a) = a - a**2 + i + 2*a - a + 1. Determine m(3).
-2
Let m(o) = -o**2 - 8*o - 7. Let g(h) = 2*h**2 + 16*h + 13. Let q(i) = 6*g(i) + 13*m(i). Let r(d) be the first derivative of q(d). Determine r(-6).
4
Let r be (4/(-8))/((-1)/12). Let s(n) = 6*n**3 + 6*n + 5. Let h(z) = 7*z**3 + 5*z + 4. Let w(x) = r*h(x) - 5*s(x). Let m = 29 + -28. Calculate w(m).
11
Let r be 12/6 - (2 + (-2)/1). Let k(o) = -o**3 + 19 - 2*o**2 + o**r + o - 20. Give k(-3).
14
Let k(h) = -3741*h + 2*h**3 + 3747*h + 3*h**2 - 3*h**3 - 1. What is k(4)?
7
Let z(v) = 23*v**2 - 13*v - 5. Let a(r) = -29*r**2 + 14*r + 4. Let f(d) = -4*a(d) - 5*z(d). Calculate f(-5).
-11
Let s(t) = t**3 + t + 8. Let l(o) = 5*o + 6. Let d be l(-3). Let w = 14 + d. Suppose -5*m + 0*k = w*k - 5, 5*m + 2 = 2*k. Calculate s(m).
8
Let p(c) = c - 9. Let a(l) be the second derivative of l**3/6 - 5*l**2 + 3*l. Let d(j) = 3*a(j) - 4*p(j). What is d(6)?
0
Let v(r) = -r**3 + r**2 + 1. Let p(h) = -4*h**3 + 5*h**2 + h - 15. Let f(o) = p(o) - 5*v(o). Calculate f(0).
-20
Let m(p) be the second derivative of p**5/20 + 7*p**4/12 + 2*p**3/3 - p**2/2 - 4*p. Suppose 4*b + o = -17 - 3, -5*o = -4*b - 44. Give m(b).
11
Let w(x) = -2*x**2 - 4*x + 1. Suppose -5*y - 1 = 4, y + 16 = -3*u. Let c = -4 - u. Suppose -2*d - d - 5*o + c = 0, 2*o = 4*d + 16. Give w(d).
-5
Let q(a) = -7 - 4 - 91*a + 2 - 82*a + 172*a. What is q(-7)?
-2
Let a(b) = b + 5 + 5 - 5 - 10. Calculate a(5).
0
Let j(u) = 8*u**2 + 2*u + 2. Suppose 3*t - 4*y + 18 = -0*t, -3*t + y - 9 = 0. Give j(t).
30
Let l(x) = -5*x + x**2 + 0*x**2 - 1 + 2. Suppose 3*k = 5*q + 2, q + 0 + 6 = 2*k. Suppose 0 = -q*h, 2*p + 3*p - 2*h - 20 = 0. Calculate l(p).
-3
Let i(y) = -2*y - 7. Let d(k) = -k**2 + 7*k + 4. Let h be d(7). Suppose 5*o + 2*r = -21 - 2, -h*o - 15 = 5*r. Determine i(o).
3
Suppose 4*h - 32 = p, 3*p - p - h + 29 = 0. Let r(m) = -m**2 - 13*m - 15. Give r(p).
-3
Let p(o) = 0*o**2 - o**2 + 0 - 5*o + 2. Suppose k + 45 = 16*k. Suppose 0 = k*i, 3*v + 24 = -v + i. Give p(v).
-4
Let b = 26 - 21. Suppose 2*d - 5*d - 8 = b*k, 4*d = -k + 12. Let w(m) = 2*m - 1. Calculate w(k).
-9
Let x(i) = -i + 16. Suppose -4*k + 24 = r - 7*k, -2*r - k + 20 = 0. Give x(r).
4
Let n(c) = c**3 + 3*c**2 - 